 - (-4 + 29).
4
What is -11 + -13 + 20 + 6?
2
What is the value of (0 - 16) + 2 + 2 + 6 + -2?
-8
6 + -37 + 43 + -12 + 2
2
Calculate -3 + 6 + (11 - 10) + -10.
-6
What is the value of -6 - -11 - 2 - (6 + -5)?
2
Evaluate -73 + 88 - (-2 + 4).
13
Calculate -18 + 22 + -7 - (2 + -5).
0
Calculate 14 + (-22 + 11 - -2) + (1 - 2).
4
What is the value of (6 - 16) + 48 - (15 + -1)?
24
What is (-40 - (33 + -67)) + -6 + 2?
-10
0 - (5 + -1 + 5) - (9 + -9)
-9
Calculate -8 - (8 + (17 - 9) + -12).
-12
What is -22 + (7 + -7 - -7) + 1?
-14
What is 665 - 660 - (1 - 9)?
13
What is the value of -2 - ((-1 - -7) + -4) - -3 - -2?
1
Calculate (1 - 6) + 3 + (7 + -1 - 23).
-19
What is the value of (-1 - -3) + -10 + 2 + -148 + 137?
-17
Calculate -36 - -47 - (13 - 1).
-1
Evaluate 4 + -4 + 3 + -1.
2
4 - (4 - (-2 - -16 - (6 - 2)))
10
What is (22 + -46 - (-3 + -4 + 1)) + -6?
-24
Calculate 15 - 21 - (-3 - (-13 - -3)).
-13
What is 0 + (2 + -7 - -7) + (-8 - -5)?
-1
Evaluate 9 + -36 + 17 + 0.
-10
10 - (12 + 2 + -7)
3
What is the value of -4 + -6 + 12 + (11 - 14) + 7?
6
What is -1 - -16 - (6 - (-10 + 13 - 0))?
12
Evaluate 12 + (5 + -5 - 10) + -2.
0
Evaluate -1 + 1 + -5 + 2 + 2 + 3.
2
Evaluate -7 + 4 + 42 + -10 - 12.
17
Evaluate 0 + -1 + 3 + 16.
18
Evaluate (2 - -11) + 17 + -25.
5
(-6 - -1) + -15 - (4 + -9 + 14)
-29
What is -15 - ((10 - 21) + 17)?
-21
What is the value of (-95 - -82) + (-11 - (8 + -5))?
-27
What is (-1 - 0 - 0) + (-3 - 4)?
-8
Evaluate 2 - -5 - (-10 + 6 - (-6 + 7)).
12
What is 4 + 16 - (16 - (33 - 8 - 17))?
12
What is -9 + 3 + 4 - 16?
-18
Evaluate (-6 - (-8 - -14)) + (4 - -2) - 11.
-17
Evaluate -7 - ((24 - 23 - -7) + -40 + -1).
26
What is the value of 45 + (-30 + 54 - 50)?
19
What is (32 - 30) + (-4 - (1 + -2 - -3))?
-4
Evaluate 17 - (54 + -15 - 13) - (15 + 0).
-24
(0 - (0 - 8)) + (-42 - -26) + 15
7
Calculate 15 + -16 + -8 - -3.
-6
Evaluate 4 + 0 + (-4 - -25) + -12.
13
Evaluate 7 + (-37 - -11 - (-3 + -1 + -2)).
-13
(-20 + 36 - 26) + 17
7
Evaluate -1 + 6 - (4 + -19 + 30) - -21.
11
-8 + (12 + -14 + -8 - -40)
22
Calculate 53 - (34 + -7) - 31.
-5
What is -2 - (14 + -12) - (12 + -1)?
-15
Calculate -7 + -7 + (0 - 3) + 33.
16
What is -24 + 8 + 36 + -19?
1
Calculate 6 + (13 - 11 - -1) + -6.
3
What is the value of 32 + 0 - (63 - 43 - 6)?
18
What is (4 + -15 - (1 - 6)) + (2 - -11)?
7
Evaluate 0 + (-12 + 1 - (5 - 6)) - -15.
5
1 + (0 - 0 - ((0 - -1) + -11))
11
What is the value of (-130 - -127) + -5 + 1?
-7
What is 27 + -5 - (1 - 11)?
32
Evaluate 20 + (12 + -28 - 4).
0
What is the value of 11 + -2 + 16 + -7 + -4?
14
Calculate 10 + (13 - 47) + 50.
26
Evaluate 0 + 10 + -1 + -14.
-5
What is the value of (7 - 12) + -17 - (-8 + (14 - 5))?
-23
Evaluate -10 - (3 + -1 + 2) - 1.
-15
Evaluate (35 + 2 - (31 + -27)) + -12.
21
9 + 5 + -37 + (8 + -1 - 12)
-28
What is the value of 0 - (-9 + -26 - (-8 - 3)) - 8?
16
(-4 - -1) + -167 + 156 - (2 - 11)
-5
-4 + -2 - (-10 - -39 - 26)
-9
Evaluate 10 + (-5 + 26 - 25).
6
What is -2 - (-4 + 3 - 8) - 23?
-16
Calculate 16 + -9 + 10 + (1 - 27).
-9
Calculate -26 + (9 - -11) + (2 - (-1 - -2)).
-5
What is -1 + 3 + (-1751 - -1767)?
18
Calculate (-3 - -20) + -2 - 23.
-8
What is the value of 54 - ((29 - 6) + 10)?
21
What is the value of (-5 - -14) + -6 + 11 - 40?
-26
Calculate -16 + (47 - 12) + -18 + -40.
-39
Evaluate (10 - 0) + (0 + 4 - 26).
-12
What is (-11 - (6 + -10 - -3)) + 11?
1
What is the value of 8 + -10 + 7 - (0 + -1)?
6
Evaluate (-2 - -2) + (12 - ((4 - 10) + 9)).
9
What is the value of (-7 + 43 - 19) + -2?
15
What is the value of -24 + 48 + 8 + -24?
8
22 + -6 + 27 + -28
15
What is -16 + 39 + -68 - -17?
-28
Calculate -15 - (7 - 8 - 13).
-1
Calculate 20 - ((-10 - -22 - 3) + 0 + -16).
27
Evaluate 3 + 2 + -3 + 0 - 13.
-11
What is (-64 - -91) + (-8 - (-5 - -2 - 0))?
22
What is the value of (2 - 0) + (-213 - -221)?
10
Calculate (-1 - (3 + -15)) + 11 + -27.
-5
Calculate -6 - -25 - (12 - -18).
-11
What is -16 + -11 + -4 + 2 + 4?
-25
What is the value of (-36 - (-42 + -7)) + (2 - 5)?
10
Calculate 34 + -28 + 4 + -2 + 28.
36
3 + -4 - 2 - (-15 + 22)
-10
Calculate 3 - (7 - (1 - (3 - 14)) - 4).
12
-15 + (-17 - -20) + (-1 - -47)
34
Evaluate -6 - -4 - -7 - (0 - 17 - -10).
12
Calculate 1 + -5 - (-11 - -16 - (1 + -2)).
-10
What is -8 + 4 - -3 - (2 - -11)?
-14
(25 - (-14 - -46)) + -14
-21
Evaluate -10 + 2 + -5 + 5.
-8
Calculate 4 + (1 - (9 - 16)) + -2.
10
Evaluate -6 + (3 - -1) + (52 - 41).
9
What is the value of 28 + (-11 + 18 - (35 + -14))?
14
What is 6 - (7 + (-19 - -11 - -19))?
-12
What is 29 - (0 + 13 + -1 + -6)?
23
What is 9 + 8 - (30 + -6)?
-7
8 + -1 + -17 - -6
-4
-12 + -5 - (-32 - -38)
-23
What is the value of 8 + (-15 + 4 - -8) - 12?
-7
What is the value of 55 + -61 + (33 - 2 - (-2 - 2))?
29
Evaluate -17 + (-4 - 7) + (-5 - -18).
-15
What is 7 - (-3 + (13 + -4 - (8 - 2)))?
7
What is 2 - (-1 - (8 - 20)) - (2 - 30)?
19
Calculate -31 - (0 + (-49 - -40)).
-22
Evaluate -37 - -39 - (4 + 0 + (-5 - -2)).
1
Calculate (13 - -1) + (-185 - -188).
17
Evaluate (38 - 21) + -10 + -2.
5
Evaluate -15 - (-41 + 2 + 6).
18
(-46 - 25) + 74 + 2 + -3 + -1
1
Calculate -3 + (6 - (-2 - (-2 + 4))).
7
Calculate -16 + 23 + -8 + -6 + 4.
-3
What is the value of (-1 - 0) + -3 + 2 - (60 - 83)?
21
What is the value of -8 + 1 + 3 + 0 - (-6 - -10)?
-8
(1 - 9 - (24 - 22)) + 4
-6
What is the value of 4 + -1 - (465 + -437)?
-25
Calculate -8 + 11 - (-3 - 1).
7
Evaluate -60 - -76 - (-21 - 0) - 6.
31
Calculate (-19 - -25) + (6 - (-5 + -2) - 4).
15
Calculate (22 - 3 - 24) + 16 + 1.
12
Calculate -6 - ((-2 - (-9 + 8)) + 11).
-16
Calculate 5 + 0 + -19 + 16.
2
Evaluate -3 - (17 + (-9 - 5)).
-6
(-24 - (2 - 2)) + 319 + -310
-15
Evaluate (19 - 25) + -1 + -2 + 2 + -5.
-12
What is the value of 25 + (-14 - (-4 + 3))?
12
Calculate -2 - 2 - (-3 + -8 + (0 - -1)).
6
12 + -14 + 2 + -12 + 32
20
Calculate (17 - (6 + 11)) + 11 - (-2 + 2).
11
Calculate -13 + 1 + 562 + -556 + (-1 - -23).
16
What is the value of 8 + -37 + 8 + 5?
-16
Evaluate 3 + 9 + -6 + -10 + 2.
-2
Calculate -3 + -16 + (-3 - -1) + 11.
-10
-13 + 16 + 0 + (0 - 2)
1
Evaluate (9 + -9 - 6) + -15 + 2 + 3.
-16
What is 60 + -29 - 73 - -39?
-3
Evaluate 34 + (-25 - (18 - 23 - 11)).
25
(346 - 332) + -1 + -5
8
22 - (2 - -3 - -24)
-7
Calculate -21 + (8 - (6 - (9 - -2))) + -6.
-14
Calculate 6 - ((3 - 2) + 2) - (-58 - -65).
-4
Calculate 9 - -2 - -18 - 3.
26
Evaluate -11 + (-3 - -9) + -10 + -7.
-22
Evaluate 7 + -14 + 25 - 28.
-10
Evaluate (3 + 0 - (-157 + 168)) + 4.
-4
What is the value of (6 - -12) + -11 + (4 - (-1 - -5))?
7
What is 4 - (-7 + 9) - (12 + 0) - 8?
-18
What is the value of (27 - 0) + (-38 - (51 - 88)) + -7?
19
Evaluate (22 - -6 - 66) + 7.
-31
Evaluate -2 - 11 - 1 - (-21 - (1 - 19)).
-11
What is -5 + 0 - (134 - 138) - -5?
4
Calculate -3 + -32 + 37 + 3 + (0 - 1).
4
Evaluate 13 - (30 + -14 - 6).
3
Calculate 11 - (-1 + 2) - (19 + (2 - 15)).
4
What is 28 + (24 + -39 - -7)?
20
What is 7 + 0 + (12 - -8)?
27
Evaluate -10 + (9 - 6) - -14.
7
What is the value of 5 + (1 - (-12 + -5) - 6 - 6)?
11
What is 7 - (40 - (-23 + 53))?
-3
Evaluate -2 + -8 + (5 - (4 + -19)).
10
Calculate 19 + 8 + (-19 - 1) + 19.
26
-33 + -2 + 10 + 16
-9
Evaluate -11 - 0 - (-274 + 275).
-12
Evaluate -27 - (50 + -10 + -45).
-22
What is 21 + (-7 - 15) - -17?
16
-10 + (1 + 2 - (7 - (13 - 5)))
-6
-2 + (-5 - -2) + 6 - -4
5
(-67 - -36 - -33) + 1 + 8
11
What is the value of 1 + 6 + (-480 - -472)?
-1
What is the value of -5 - (-112 + 130 - (-6 - -1))?
-28
What is the value of 1 + (11 - (-8 + 8)) + -16 - -8?
4
What is the value of -7 + 2 - (33 - (-4 - -26))?
-16
What is the value of 1 - (66 + -28 + -11)?
-26
-4 - (-10 + (-3 - (-14 + -2)))
-7
What is the value of -25 + 15 + 19 - 14?
-5
Evaluate -6 + (-4 - -1) + 20 + -29.
-18
4 + -2 + -8 - (17 + -7 + -16)
0
What is the value of (3 - 2) + -6 + 2 - (-6 + 8)?
-5
What is (-9 - (-24 - 9)) + -23?
1
(2 - -2) + (9 - 24 - -19)
8
What is (8 - 6) + (8 - (-16 + 10))?
16
(30 - 40) + 10 + 2 + -3 + 1
0
31 + -25 + -6 + 5
5
What is the value of 9 + (23 - 24) - -2?
10
What is (1 + 0 - -4) + (151 - 156) + -17?
-17
Calculate (7 + 25 - 4 - 14) + -30.
-16
What is the value of 35 + -25 + (-9 - 2)?
-1
Calculate 13 + 20 + -9 + -11.
13
(-7 - -1) + (-1 - 5) + (243 - 240)
-9
What is -15 + (-13 - -25) + -3?
-6
Evaluate -27 + (19 - 25) + 10.
-23
What is -2 - -1 - (-1 - (2 + -5 + 5))?
2
